of 852538236?
True
Does 61 divide 143433021?
True
Does 35 divide 19150256?
False
Is 143 a factor of 54991087?
False
Is 301862427 a multiple of 9?
False
Is 21 a factor of 207147402?
True
Is 619 a factor of 996477961?
True
Does 17 divide 214880338?
False
Is 9 a factor of 519832260?
True
Is 11433113 a multiple of 54?
False
Is 559 a factor of 46657494?
True
Is 29613544 a multiple of 5?
False
Does 8 divide 76452456?
True
Does 1170 divide 537653634?
False
Is 159 a factor of 13878315?
True
Is 3 a factor of 4213116?
True
Is 13 a factor of 5833854?
True
Is 128040192 a multiple of 238?
True
Is 274959419 a multiple of 7?
True
Is 238 a factor of 24000634?
True
Is 258757655 a multiple of 13?
True
Does 478 divide 110440272?
False
Does 477 divide 184433715?
False
Is 211142448 a multiple of 816?
True
Is 19902994 a multiple of 460?
False
Does 234 divide 10025262?
True
Does 344 divide 239750484?
False
Does 125 divide 155118232?
False
Does 44 divide 1191495?
False
Is 40618124 a multiple of 1622?
True
Is 94347020 a multiple of 23?
False
Does 2168 divide 73668640?
True
Is 72320354 a multiple of 54?
False
Is 944 a factor of 36536576?
True
Is 264054396 a multiple of 142?
True
Is 870 a factor of 178537797?
False
Is 120017051 a multiple of 781?
True
Does 46 divide 38331406?
False
Is 1948352765 a multiple of 1952?
False
Is 1076409309 a multiple of 44?
False
Is 488477912 a multiple of 2678?
True
Does 10 divide 2579876210?
True
Does 125 divide 22433495?
False
Is 348 a factor of 21692018?
False
Is 25463276 a multiple of 97?
True
Does 38 divide 27125654?
True
Does 18 divide 372848634?
True
Is 166418820 a multiple of 261?
True
Is 409 a factor of 950208283?
False
Is 232 a factor of 45346952?
True
Is 31958117 a multiple of 3131?
True
Is 105 a factor of 36765960?
True
Does 98 divide 34219989?
False
Is 191 a factor of 103566121?
True
Is 33 a factor of 762100?
False
Is 1880272056 a multiple of 13?
True
Is 3178245 a multiple of 669?
False
Is 38 a factor of 4423018?
False
Is 205949188 a multiple of 934?
False
Is 192740205 a multiple of 2683?
False
Is 612 a factor of 25334828?
False
Is 86510620 a multiple of 815?
True
Is 57 a factor of 3228275047?
False
Is 13 a factor of 9942595?
True
Is 33 a factor of 69179385?
True
Is 85 a factor of 1468561490?
True
Is 198078210 a multiple of 33?
True
Is 1635 a factor of 71966160?
True
Is 9536487 a multiple of 4?
False
Does 16 divide 116382093?
False
Does 10 divide 144098020?
True
Is 9330855 a multiple of 593?
True
Is 475 a factor of 177378900?
False
Does 50 divide 216575840?
False
Is 93663345 a multiple of 15?
True
Does 19 divide 106223355?
False
Is 27614840 a multiple of 10?
True
Does 87 divide 577558461?
True
Does 88 divide 83917240?
True
Does 156 divide 201019260?
True
Is 40 a factor of 345187950?
False
Is 10 a factor of 130042784?
False
Does 422 divide 112906720?
False
Is 14430271 a multiple of 121?
False
Does 5 divide 65361105?
True
Is 909 a factor of 23042865?
False
Does 64 divide 407335104?
True
Does 59 divide 500628452?
True
Is 230427892 a multiple of 12?
False
Does 63 divide 80042067?
True
Does 332 divide 235995560?
True
Is 17 a factor of 20010632?
True
Does 98 divide 228531006?
False
Does 14 divide 29093401?
False
Is 911 a factor of 124577428?
True
Is 1557801298 a multiple of 34?
False
Is 22 a factor of 515322786?
True
Does 99 divide 575185?
False
Does 142 divide 181026570?
True
Does 39 divide 35328181?
False
Is 527 a factor of 132789771?
True
Does 27 divide 910337211?
True
Is 170662668 a multiple of 156?
False
Is 598226288 a multiple of 3334?
True
Is 1585 a factor of 52826465?
True
Does 6 divide 860217642?
True
Does 118 divide 36906624?
True
Is 43821950 a multiple of 210?
False
Does 3817 divide 55734367?
False
Is 546 a factor of 10325952?
True
Does 952 divide 30553488?
True
Is 2917944 a multiple of 54?
True
Does 21 divide 1987312152?
True
Does 4701 divide 46024373?
False
Is 97988544 a multiple of 153?
True
Does 13 divide 53662843?
True
Is 31 a factor of 787825361?
False
Does 315 divide 769131?
False
Is 1078 a factor of 95406674?
False
Is 9148950 a multiple of 450?
True
Does 36 divide 453018958?
False
Is 414714765 a multiple of 1721?
False
Is 35887227 a multiple of 150?
False
Is 356415987 a multiple of 4?
False
Is 144511584 a multiple of 56?
True
Is 13 a factor of 1080680544?
False
Is 243734150 a multiple of 50?
True
Is 43703870 a multiple of 55?
False
Is 77 a factor of 7991368?
True
Is 43495827 a multiple of 7?
False
Is 1387 a factor of 4208565778?
True
Does 2 divide 227040352?
True
Is 147863186 a multiple of 14?
False
Does 9 divide 177286252?
False
Does 5 divide 193715735?
True
Does 266 divide 24545682?
True
Is 52 a factor of 143784381?
False
Is 65 a factor of 446181320?
True
Is 71322609 a multiple of 53?
False
Does 109 divide 40095389?
False
Does 416 divide 717441727?
False
Does 12 divide 117300600?
True
Is 3741 a factor of 566735729?
False
Is 4 a factor of 1319427?
False
Is 447 a factor of 1421375904?
False
Is 16 a factor of 21055952?
True
Does 16 divide 1723700031?
False
Does 7260 divide 765530700?
True
Is 63671174 a multiple of 973?
True
Does 1787 divide 182469121?
False
Does 1755 divide 1379007254?
False
Is 16 a factor of 2374159?
False
Is 279 a factor of 43834806?
True
Does 302 divide 615152860?
True
Is 55857948 a multiple of 491?
False
Is 406 a factor of 30226008?
False
Is 1289999958 a multiple of 38?
False
Does 4 divide 12791883?
False
Is 797947827 a multiple of 240?
False
Does 20 divide 92334860?
True
Is 38 a factor of 57020901?
False
Does 490 divide 82154329?
False
Is 23547156 a multiple of 355?
False
Does 3 divide 1301134469?
False
Is 31 a factor of 173336097?
True
Does 520 divide 139871160?
True
Is 30241596 a multiple of 23?
True
Does 3406 divide 52677196?
True
Is 7 a factor of 7209990?
False
Is 9995 a factor of 5347664830?
True
Does 61 divide 943727767?
True
Is 33887564 a multiple of 3401?
True
Does 113 divide 2201380136?
False
Does 340 divide 3589977860?
False
Is 11 a factor of 174170320?
False
Is 1604002 a multiple of 329?
False
Is 839690736 a multiple of 16?
True
Is 23 a factor of 75751650?
True
Is 21870593 even?
False
Is 4726 a factor of 1705805347?
False
Does 37 divide 69956899?
True
Does 50 divide 42963250?
True
Is 3580538988 a multiple of 75?
False
Does 202 divide 228325448?
True
Is 459 a factor of 362084904?
True
Is 934 a factor of 462615147?
False
Is 15971880 a multiple of 334?
True
Is 3188 a factor of 1164206650?
False
Is 64 a factor of 40055936?
True
Is 67993588 a multiple of 4?
True
Is 4326470 a multiple of 295?
True
Does 138 divide 636654181?
False
Is 2577277330 a multiple of 1042?
False
Does 45 divide 2129085?
True
Is 358 a factor of 470768592?
False
Is 111 a factor of 1978024?
False
Is 46336457 a multiple of 108?
False
Is 129257856 a multiple of 39?
True
Does 6 divide 59000379?
False
Does 9990 divide 6938093923?
False
Does 24 divide 65857177?
False
Is 1760 a factor of 724322720?
True
Does 190 divide 103419282?
False
Is 430 a factor of 446012247?
False
Does 61 divide 143209822?
True
Does 16 divide 104751708?
False
Is 639077985 a multiple of 13?
True
Does 204 divide 281269773?
False
Does 11 divide 24412781?
False
Is 35308176 a multiple of 10?
False
Is 4911397 a multiple of 3?
False
Is 267863232 a multiple of 26?
True
Is 234 a factor of 575007966?
True
Is 248667334 a multiple of 640?
False
Is 10 a factor of 134935300?
True
Is 2 a factor of 138977219?
False
Does 544 divide 122592032?
True
Is 640 a factor of 112181555?
False
Is 19228836 a multiple of 2337?
True
Does 17 divide 643480402?
False
Is 23 a factor of 1561526235?
True
Is 16214156 a multiple of 26?
False
Does 464 divide 278917976?
False
Is 224 a factor of 36123275?
False
Does 12465 divide 3015167558?
False
Does 2656 divide 1384631232?
True
Does 10 divide 6288910?
True
Is 434812708 a multiple of 44?
True
Does 182 divide 11008337?
False
Is 17864840 a multiple of 5?
True
Does 293 divide 444392030?
False
Is 182230948 a multiple of 72?
False
Is 142 a factor of 328058056?
True
Is 34192068 a multiple of 124?
False
Is 31 a factor of 97290924?
False
Is 3882 a factor of 130182870?
True
Is 152782936 a multiple of 8?
True
Does 1537 divide 7686537?
True
Is 1670727706 a multiple of 471?
False
Is 11816801 a multiple of 746?
False
Does 30 divide 272146050?
True
Do